- 2) + 3 + 0 - 21?
-20
(5 + -36 + 9 - -12) + 35
25
Calculate -19 - 27 - (-29 + -3 - -12).
-26
What is the value of (-67 - (-89 - -28)) + 58?
52
What is -13 - (-17 - -27) - -21 - -1?
-1
Calculate (23 - 6) + -13 + 16 + -73.
-53
-8 - 0 - (-9 + -18 - (0 + 28))
47
What is the value of (10 - (-9 + 22 - (-34 - 12))) + -2?
-51
What is the value of (-25 - -10 - (1 - 110) - 17) + -17?
60
(-17 + -107 + 18 - 21) + (-3 - 5)
-135
What is 6 - -6 - (87 + -94 - (7 - 18))?
8
Calculate -28 + -2 + (-23 - -2 - -6).
-45
Calculate (6 - 26) + (-1 - 1) - (-5 + 47 + -41).
-23
Calculate 71 + -23 + 104 + -85.
67
What is the value of 96 - 85 - (-4 - (7 - 2 - 57))?
-37
5 - ((2 - 6 - (78 + -42)) + 0)
45
-2489 - -2527 - (16 + 4 - 5)
23
Evaluate 36 - (33 - -4) - -34 - 29.
4
Evaluate (-3 - -17) + (2594 - 2620).
-12
Evaluate (15 - -3 - 1) + 5 + -30 + 15.
7
Calculate -37 + 132 - (14 - -2).
79
Evaluate 4 + 73 + -51 - ((5 - 1 - -4) + 2).
16
Evaluate (-4 - 5) + (126 - 117) + 47 + 4.
51
What is 0 + -131 - (-43 + -40)?
-48
(31 - (-42 + 89)) + -3 + -11
-30
What is -32 + -3 - ((-4 + 8 - -5) + -67 + 55)?
-32
(0 - 49) + 0 + -151 + 136
-64
17 + -52 + (8 - -55) + (-10 - (0 - -2))
16
Evaluate -7 + -2 + -28 + 22 - (5 - (5 + -6)).
-21
What is the value of -24 + (-7 - -14) + 13 + 10?
6
Evaluate -17 - (12 + (2 - 10) + 8 - 34).
5
Evaluate -44 + -21 + 57 + -14.
-22
Calculate -62 + 29 + (-100 - -97).
-36
What is the value of 9 + (-22 - -141) + -31 + -19?
78
What is the value of 0 + 2 + 540 + -475 - (-2 + -8 - 1)?
78
What is the value of -45 + 35 + (-15 - -13) + -59 + -1 + -2?
-74
(52 - 81) + (3 - 12) + -71
-109
2 - (-49 + 95 - 38) - (76 + 2 + -1)
-83
What is 67 - (17 + 31 - -23)?
-4
What is the value of 116 - 121 - (-10 - -1) - (-5 + 0)?
9
Evaluate (-47 - (4 + -20) - -4) + -12 - -8.
-31
(4 - (16 - -38)) + 45
-5
Calculate -17 - -30 - (7 + (2 - -5) + -13).
12
What is 0 + -2 + -117 + 506 + -330?
57
What is -3 + 4 + 3 - (17 + -16 + 5 - -19)?
-21
25 + -58 + -2 + 9 + 110
84
What is -27 + (38 - 100) + 21?
-68
Evaluate -51 + 63 + 4 + 23.
39
What is 3 + (-169 - -148) - (-1 - (-1 + 44))?
26
4 - -11 - (3 - ((-23 - (-13 - -3)) + 80))
79
Calculate 33 - (52 - (-28 + 35)).
-12
What is the value of -9 + (-1 - -1) + 14 + 4 + -20?
-11
Calculate 1 - (22 - 22) - 20 - 43.
-62
What is the value of (-9 - -1) + (40 - (52 - -15)) + -12?
-47
18 - ((-88 - (-16 + -10 + 13)) + -18)
111
Calculate -13 - (-8 - (-2 - (-2 + -12))) - (25 + -1).
-17
721 - 725 - (-14 - 0) - -14
24
What is the value of 10 - 46 - (72 - 68 - (1 - (4 + -5)))?
-38
What is the value of (-256 - -253) + (-1 - (-1 + 0)) + (76 - 25)?
48
-8 - (8 + (-8 - 19) + 36)
-25
1 - (69 - ((-1 - (-2 + -8)) + -17))
-76
2 + -53 - (-12 + (-9 - -1) + -1 + 20)
-50
Evaluate (-21 - (-9 + 24)) + (-1 - (-1 - -5)).
-41
What is 1 + 55 + (-9 - 42 - -32)?
37
What is -626 + 566 + -3 + (-3 - -3) + -1 + 14?
-50
Evaluate (1590 - 1556) + -29 + 2.
7
What is the value of 15 + -8 + (125 - 95)?
37
What is the value of (-34 - -1 - 1 - (419 + -405)) + -11?
-59
Evaluate 32 - (9 + (-30 - -13)) - (5 + 2).
33
What is the value of -19 + 22 + (-2 - (-15 - -36))?
-20
Calculate (7 - 3) + -55 + 1701 + -1728.
-78
What is 2 + -59 + 5 - (1 + 21 + -13 + -9)?
-52
-5 - (2 + -3 + 6) - (-248 - -182)
56
Calculate -128 - (7 - (105 + -30)).
-60
Calculate -11 + 12 + -2 + (168 - 140).
27
What is -101 - 3 - (8 + (2 - (-4 - -27)))?
-91
Calculate -11 + (-61 - -23) + 39.
-10
What is the value of (-5 - (38 - 0)) + 59 + -48 + 10?
-22
Evaluate 0 + -3 - (1 + -1) - (-5798 + 5794).
1
What is 37 - 42 - (6 + (-32 - (6 + -9) - 4))?
22
Evaluate -16 - ((94 - 63) + -110).
63
What is the value of (-13 + 3 - -21) + -11 - (2 + 62 + 0)?
-64
Calculate -812 - -793 - (2 + -6).
-15
Calculate (31 - 63) + (15 - (-5 - -2)).
-14
Calculate 11 + (9 + 3 - 1 - 65 - 6).
-49
(-25 - -53) + (-2 - 0 - -1 - (-102 - -99))
30
Calculate (-9 + -34 - -8) + 14.
-21
What is the value of -55 + (-1 - (15 + -14) - (-4 - 7))?
-46
Evaluate 47 - 46 - (-3 - (-3 - (0 - 8))) - -6.
15
What is the value of -108 - (53 + 38 - 167)?
-32
32 + (-25 - 30) - (10 - (10 + -15))
-38
12 - 40 - (18 + 0 + -13 + (-27 - -32))
-38
Evaluate (11 + -13 + -4 - -76) + 9 + -8 + -13.
58
-103 + (7 - -2) + -6 + 10 + -16 + 0
-106
Calculate -77 + 11 + -3 + 3 + -261 + 263.
-64
What is 0 + 25 + -36 + 2 + (-5 - 0)?
-14
What is -17 - -5 - -15 - 4 - (-39 - 6)?
44
Evaluate (-7 - -13) + (-2 - -1 - (25 + -60)).
40
Evaluate 11 + (16 - 107) + 29 + 6.
-45
Calculate 5 - (41 + -78 + 48) - (1 - -14).
-21
21 - (-7 + -2 + -46 + 39 + (-4 - -11))
30
Calculate 9 + -13 + -7 - (31 - 41) - -23.
22
Calculate 30 - (9 - -28) - (-7 + -4 + 12 - 73).
65
Calculate -78 + (61 - -23) + -47.
-41
Calculate -10 + 0 + -1 - (-25489 - -25513).
-35
Calculate 13 - (-5 + (15 - 3) + 7) - 21.
-22
What is (133 - 131) + (-7 + 16 - -20)?
31
3 + 2 + -1 + 85 + (-646 - -629)
72
What is the value of 20 - 2 - (-23 - (11 - 17) - -79)?
-44
What is the value of (2 - 69) + 710 + -692?
-49
Calculate (157 - 191) + -4 + 27.
-11
What is (-19 - -1) + (-38 - (-31 + (30 - 29)))?
-26
(49 - -52) + (-43 - (18 + -22))
62
Evaluate 5 - (-5 + 0 + 6 + -29 + 31 + -3).
5
What is (-352 + 332 - (-13 - 1) - -106) + -8?
92
What is the value of (15 - 1) + (10 + -13 - 59)?
-48
Evaluate -35 - (6 - (-3 + 60 + -27 + (-13 - -3))).
-21
Evaluate -4 - (1 - 3) - (-90 - (-23 + (12 - 38))).
39
Calculate 34 + -35 + -43 + 49.
5
Evaluate -59 + (-24 - -47) + 101.
65
Evaluate 907 + -908 + (9 - 5 - 44) + 2.
-39
Evaluate (-22 - ((11 + -29 - -7) + 22 - 22)) + -55.
-66
Evaluate 36 + (-23 - (41 - 39 - (9 + 2)) - -11).
33
71 - (10 - (-5 + 12 + -5 + 13))
76
Calculate 10 - 2 - (54 + (12 - 23) + -11).
-24
Evaluate 3 + -34 + -3 + 140 + -11.
95
28 - (-1 + 2) - (-7 - (-11 + 4))
27
Calculate 115 + -104 - (95 + -17).
-67
-15 - (-23 + 49 + -95) - 9
45
What is 21 + -12 + 14 + (-24 - -18)?
17
What is 37 + 51 + -81 + (-21 - -1) + 96?
83
Calculate 14 - (61 + -2 + -24 + (3 - -17)).
-41
Evaluate (181 - -59 - 100) + -48.
92
Evaluate -14 - -39 - (-15 + -6 + -1).
47
68 - (7 + (12 - (14 + -15)) - 19)
67
What is 27 - -1 - (28 + 29)?
-29
35 - (235 - 233 - (14 + 0)) - -19
66
What is the value of (8 - 3) + (0 - 2) + -11 + (537 - 543)?
-14
What is the value of -97 - -2 - (0 + 40 + -1077 + 1058)?
-116
(1 - (5 - (-23 - -13)) - -12) + (84 - 1)
81
Evaluate (1082 - 1110) + (1 - 0 - -13) + 82.
68
Evaluate -501 + 496 + 32 + -2 - 56.
-31
-37 + 83 + -37 + 17
26
(107 - -163) + -150 - -2
122
What is (100 + 45 - 64) + -50?
31
What is the value of 98 + -103 + (-100 - -104 - (-1 - (79 - 0)))?
79
Evaluate (5 - (8 + (21 - 12))) + (84 - 12).
60
Evaluate (0 + -2 + 6 - 0) + (0 - -5 - -1).
10
Evaluate -2 + 11 + 117 + -142 + -14.
-30
Evaluate -4 - (-12 + (-7 - (-32 + 13)) - -6).
-10
What is the value of -16 - (2 - (-26 + (4 - -16)))?
-24
What is the value of -4 + -3 + (50 - (75 - 28))?
-4
Calculate -45 + (7 - (-1 - -26) - -8) + -11 + 4.
-62
What is the value of (63 + -38 + -6 - -12) + -35?
-4
-21 + -26 + 100 + -17 + 1
37
-106 - -2 - (-313 - -255)
-46
-519 + 490 - (-5 + 0 + 8)
-32
Evaluate 11 + -12 + (27 - (-4 + -20)).
50
Calculate (-26 - 0) + (95 - (102 + 7)).
-40
What is the value of (-72 - (5 + (-10 - -1))) + (-5 - -17) + -2?
-58
What is (-1 - -73) + 3819 + -3863?
28
Calculate 19 - (15 - 7 - (-14 - 36)).
-39
What is the value of -7 + -16 + (73 - -28) + -21?
57
(65 - 71) + -24 - (-3 + -16)
-11
Evaluate (2 + -1 - -59) + (1040 - 1048) - (-6 + -1).
59
44 - (17 + -54 + 46)
35
What is (-1 - 3) + (37 - (-36 + (48 - 23)))?
44
What is the value of (-3 - -1) + -7 + 6 + -3 + 6 + -8?
-8
What is (10 + (3 - -5) + -17 - -7 - -21) + -9?
20
Evaluate -8 + (0 - 18) + (25 - -21) - -3.
23
15 + -128 - ((29 - 78) + 23)
-87
Calculate -22 + 5 - (-1 + (10 - 9 - 3) + -7).
-7
Calculate 21 + -21 - (-4 + 5 - 6).
5
What is the value of -5 - ((-1 - 0) + -24) - (3 + -2 - 11)?
30
Calculate -2 + (-7 - -2) + (2 - -1) + (352 - 313).
35
Calculate -8 + -43 - ((8 - -1) + (-125 - -113)).
-48
Evaluate (-656 + 666 - (21 + -2 + 1)) + -20.
-30
What is 13 + (-3 - 5) + -5 + 11 - 16?
-5
Evaluate (-8153 - -8093) + 2 + 28.
-30
What is the value of 128 - 82 - -8 - 59?
-5
What is -10 + (61 + -10 - 0) + -59 + 48?
30
Calculate (2 + 0 - 15) + (56 - (43 + -1)).
1
What is 40 - (-14 + 33 + (6 + -9 - -1))?
23
2 + 3 + (-26 - (3 - 1) - 2)
-25
Evaluate 1 - -6 - (-7 - (-3 + (22 - (22 + 2)))).
9
